2
Let g = -1 - 0. Suppose 2*d + 0 - 8 = 0. Let s(z) = 2*z**2 - d*z**2 - z**2. What is s(g)?
-3
Let d(r) = r**2 - 5*r + 1. Let z(w) = w + 9. Let u be z(-4). Let a be d(u). Let q(s) = 5*s**2 + 1. Determine q(a).
6
Suppose -2*a + a = 3. Let o = a + 8. Suppose -4*l + 8 = -0*d + 2*d, 2*l + 20 = o*d. Let u(h) = h**2 - 6. Determine u(l).
-6
Let m(a) be the third derivative of a**4/24 + a**3/3 - 4*a**2. Give m(5).
7
Suppose 3*v + 34 + 20 = 0. Let a be 6/(-9)*v/2. Let n(b) = b**2 - 7*b + 2. Determine n(a).
-4
Let t(w) be the second derivative of w**4/12 - w**3/3 + w**2/2 + 4*w. Give t(4).
9
Let b(a) = -a**3 - 9*a**2 - 7*a + 9. Let q(v) = v**3 + 3*v**2 + 3*v + 1. Let s be q(-3). Give b(s).
1
Let x(m) = 23*m**2 - 2 - m**3 - 21*m**2 + 5*m + 0*m**3. Give x(3).
4
Suppose 2*k = 10, -3*l = -5*l + k - 13. Let f(j) = -j**3 - 4*j**2 + 2*j + 3. Determine f(l).
-5
Let f(n) = n**2 - 4*n + 6. Suppose 30 = 5*z - 5*h, -5*z - 3*h = h + 6. Let g be 15 - z - 5/5. Suppose -4*j + 16 = -l, -j - 2*j = -2*l - g. What is f(j)?
6
Let k(w) = 21*w + 23*w - 43*w. Determine k(2).
2
Let z(g) = 5*g**2 + 5*g + 3 - 13*g**2 + 7*g**2. Give z(5).
3
Let m(k) be the first derivative of 2*k**2 + k + 4. What is m(-2)?
-7
Let t(v) = v**3 - 2*v**2 + 4. Let q(k) = 3*k + 24. Let j be q(-7). Give t(j).
13
Let s = -47 + 41. Let o(n) = -n + 2. Determine o(s).
8
Let u(l) = -l + 1. Suppose -2*w - 2*f + 10 = -0*w, 10 = 4*w + 2*f. Suppose 0 = 5*j + 3*d + 8, -j - 2*d + 5 - 1 = w. Let c = -2 - j. Determine u(c).
-1
Let k = 2 + -1. Let j(b) = b - b + k + 3*b. Let c be j(1). Let t(i) = -i**2 + 3*i - 5. What is t(c)?
-9
Let l(g) = -2*g - 7. Let a(h) = -2*h - 7. Suppose 0 = -5*t - 5, 4*t = -2*w - 12 - 2. Let r(j) = w*a(j) + 4*l(j). Give r(-6).
-5
Let d(y) be the second derivative of 5*y**3/3 + y**2/2 + 19*y. Determine d(1).
11
Let w(n) = -2*n. Let m(o) = o**2 - 9*o + 9. Let q be m(8). Let j = -4 + q. What is w(j)?
6
Let t = 4 - 5. Let y(l) = 3*l**3 - l**2. Calculate y(t).
-4
Let p(w) be the third derivative of 0 - 5*w**2 + 1/3*w**3 + 1/8*w**4 - 1/60*w**5 + 0*w. What is p(3)?
2
Let w(f) be the first derivative of f**3/3 + 9*f**2/2 + 8*f + 13. Determine w(-6).
-10
Let v(j) = -5*j - 15 - 18 + j**3 + 0*j**2 + 37 - 2*j**2. Give v(3).
-2
Let s(q) = 2 - 7*q - 2. Let m = 4 + -3. Calculate s(m).
-7
Let u(x) = 5*x + 8. Let b(v) = -9*v - 17. Let h(q) = 3*b(q) + 5*u(q). Let j be h(-5). Let o(n) = 8*n**2 - n - 1. Calculate o(j).
8
Let m(d) = d**3 + 3*d + 4. Let t(x) = 2*x**3 + 5*x + 9. Let p(j) = 5*m(j) - 3*t(j). Let h be (-7)/(7/(-4))*5. Let k be (-5)/h - (-2)/8. Calculate p(k).
-7
Let p(m) = 0*m**2 - m + m**2 + 8*m**3 - 9*m**3 + 1. Determine p(1).
0
Let s(a) = a**2 + 2*a + 1. Let o be s(-2). Let v be (o - 3) + (7 - -2). Suppose 5*j = 5*k + 25, -v = 4*k - 2*k - j. Let f(q) = q**3 + 2*q**2 + q + 2. Give f(k).
0
Let c(g) = 3*g**2 + 3*g + 2. Let j(o) = -9*o**2 - 8*o - 5. Let y(f) = 17*c(f) + 6*j(f). Give y(3).
-14
Let f be (-9)/(3 - 2) - 0. Let v(l) = l**3 + 9*l**2 + 2. Give v(f).
2
Let k = -13 - -18. Let r be ((-24)/(-20))/((-1)/k). Let v(g) = g + 3. Determine v(r).
-3
Suppose -l - 2*k + 4 = 2*l, -3*l + 4*k + 10 = 0. Let c be l/(-2) + 4/1. Let q(m) = m**3 - 3*m**2 + 3*m - 3. Give q(c).
6
Let f(j) = -3*j + 26. Let u(v) = v - 9. Let w(t) = 4*f(t) + 11*u(t). Let i be w(0). Let l(h) = h**3 - 4*h**2 - 3*h - 2. What is l(i)?
8
Let n = -16 + 18. Let y(v) be the second derivative of 0 + 1/3*v**3 - 1/2*v**n - 2*v. Give y(-2).
-5
Let u(h) = h**3 - 4*h**2 - 4*h. Let f be u(5). Suppose 2*a = -5*q + 16, 2*q - a - f = 5. Let o(x) = x**2 - 6*x + 3. Give o(q).
-5
Let w(t) be the first derivative of 1/4*t**4 - 5 + 0*t**2 + 2*t + t**3. What is w(-3)?
2
Let s(g) be the first derivative of -g**4/4 + 2*g**3/3 + g**2 - 2*g + 1. Suppose -7 = -3*w + 2. What is s(w)?
-5
Let z(i) = 0 - i + 4 - 1. Let y be z(0). Let n(j) = 2 + 2*j - y*j + 2. Determine n(3).
1
Let j(k) = k**3 - 5*k**2 - 7*k + 8. Let p be j(6). Let f(h) = -4 + 5*h - h + 11 - h**p. What is f(5)?
2
Let l(h) = -5*h**2 + 5*h + 1. Let w(p) = -11*p**2 + 11*p + 2. Let a(q) = -13*l(q) + 6*w(q). Calculate a(0).
-1
Suppose -8*i + 12 = -4*i + 4*u, 3*i - 14 = -4*u. Let r(o) = -o**2 - 2*o - 2. What is r(i)?
-2
Let p(v) = -v**3 - 5*v**2 + 3 - 2*v + 2*v**3 + 0 - 4*v. Give p(6).
3
Let o(n) = -n**2 - 2*n + 1. Suppose 4*g = 12, 0 = 5*u + g + 85 + 32. Let p be u/30*(-15)/2. Let f = p - 8. Determine o(f).
1
Let g(j) = -j**3 + 3*j**2 + 3. Let i be (-13)/(-5) + (-2)/(-5). What is g(i)?
3
Suppose -2*z = -4*u - 2, -5*z - 2 - 8 = 5*u. Suppose -4*y + 11 - 3 = 0. Let f(x) = 6 - 6 + 0*x + y*x. Determine f(z).
-2
Let t(j) = -3*j. Suppose 2*h = 5*h - 3. Let b be t(h). Let p(g) = g - 1. Calculate p(b).
-4
Suppose -5*h + 2*m + 40 = 0, -4*h = -5*h - 2*m - 4. Let j(x) = x - 7. What is j(h)?
-1
Let q be -2 - (3/3 - -3). Let z(r) = -r**3 - 7*r**2 - 3*r + 5. Determine z(q).
-13
Suppose 2*k - 3 = 3*p - 9, 6 = -2*k. Suppose 0 = 2*w - p*w - 6. Let b(v) = w*v + 3*v**2 - 4*v**2 - 4 - v. Give b(3).
-7
Suppose f - 4 = -f. Let v be 51*((-4)/(-6))/f. Suppose -v = -s - 2*x + 6*x, 2*s = -2*x + 4. Let u(w) = -w**3 + 5*w**2 + 2*w - 1. Determine u(s).
9
Let o(s) be the third derivative of 1/12*s**5 + 0*s**4 + 0 + 0*s + 0*s**3 + s**2 - 1/120*s**6. Give o(5).
0
Let w(x) = x - 7. Suppose -9 = -4*t + 7. Suppose 0 = b + t*b - 15. What is w(b)?
-4
Let x = 22 + -19. Let n(s) = -s + 0*s**x - 4*s**3 + 3*s**3 + 3 + 5*s. Suppose 5*v - v = -8. Calculate n(v).
3
Let f(y) be the third derivative of -y**6/360 + y**5/120 + y**4/12 - y**2. Let j(i) be the second derivative of f(i). Suppose -20 + 5 = 5*k. Give j(k).
7
Suppose -2*k = -4*r - 10, -2*r - 3*r = -5*k + 25. Let v(f) be the second derivative of f**3/6 - 2*f**2 - f. Calculate v(r).
-4
Let d(w) = w**3 - 6*w**2 - 3*w + 6. Let u be d(6). Let r = 11 + u. Let m(v) = -6*v**2 - 2*v - 1. Calculate m(r).
-5
Let t(p) = -p - 1. Suppose x + 1 = 2*i - 2, 3*i + 3*x - 27 = 0. Suppose i*k = 47 + 153. Let g be k/(-14) - (-9)/(-21). Calculate t(g).
3
Let y(s) be the third derivative of 5*s**4/24 + s**3/6 - 9*s**2. Calculate y(-3).
-14
Suppose 45 = -41*t + 32*t. Let w(d) = -d**3 - 4*d**2 + 5*d - 2. What is w(t)?
-2
Let d(q) be the third derivative of -q**6/24 - q**4/12 - q**3/6 + q**2. Let h(c) = 2*c - 2. Let j be h(-5). Let x be (-2)/8 + 9/j. Give d(x).
6
Let u(q) be the second derivative of -q**3/2 - 2*q**2 - 2*q. Suppose 4*l = -6 - 10, 3*y - 3*l - 3 = 0. What is u(y)?
5
Let q(p) be the first derivative of -1/4*p**4 + 4*p + 2*p**3 - 6 + 0*p**2. What is q(6)?
4
Let z(o) = -4*o + 1. Let s = -4 + 7. Suppose -u + s = 4. What is z(u)?
5
Let l(w) = w + 15. Let r be l(-14). Let p(g) = -g**3 - g**2 - 4*g + 2*g - 1 + 4*g. Determine p(r).
-1
Let n(a) = 2*a**3 - 2*a**2 - 2*a**3 + a**2 + 1 - a**3. Calculate n(1).
-1
Let s(o) = o + 2 - 1 + 2 - 2. Let a be (2 - -1)*16/(-12). Give s(a).
-3
Let u(o) = -o. Suppose -5*x + 19 = -1. Let f = x + -1. Calculate u(f).
-3
Let a(w) = w + 3. Let o = -44 + 37. Calculate a(o).
-4
Suppose 9*r = 7*r. Let b(a) be the third derivative of -a**2 + 0 - 1/24*a**4 + r*a + 1/3*a**3. Determine b(-5).
7
Suppose -2*k = -0*k. Let j(b) = -15*b**3 - 4 + k*b - 14*b**2 + 3 - b + 13*b**2. What is j(-1)?
14
Let i(o) = o**3 - 10*o**2 + 6. Let f be i(10). Let c(v) = v**3 - 6*v**2 - v + 4. Calculate c(f).
-2
Suppose b = v - 4*v - 10, -5*b = v + 8. Let c(s) = -s**2 - 3*s + 4. What is c(v)?
4
Let c(k) = k**2 + k. Let d be c(-3). Let s = -7 - -8. Let l(n) = d*n - 4 - 4*n**2 + 3*n**2 + 2*n**2 + s. Calculate l(-5).
-8
Let h be (6/5)/((-4)/(-10)). Let i(x) = -1 + 48*x**2 - 2*x + x**h + 0 - 48*x**2. What is i(2)?
3
Let z(p) = p**3 - 4*p**2 - 3*p - 1. Suppose 0*s - 10 = -5*s. Suppose 4*c - s*c = 8. Give z(c).
-13
Suppose 2*n = 5*n + 6*n. Let d(i) = i**3 + 6*i**2 - 8*i - 3. Let r be d(-7). Let c(p) = p - 4*p + r*p. What is c(n)?
0
Let o be (-22)/(-10) - 1/5. Let t(w) = -w + 6*w + 4*w**2 + w**3 + w**2 - o*w. Determine t(-4).
4
Let y(m) = 5*m + 1. Let j = -51 + 52. What is y(j)?
6
Let o(b) = b - 2. Suppose 0 = -6*n - 5*n + 11. Give o(n).
-1
Let t(a) be the second derivative of 0 + 1/6*a**3 + 4*a + 0*a**2. Suppose -2*q = -5*q - 6. Calculate t(q).
-2
Let v(p) be the second derivative of -p**5/20 - 5*p**4/12 + p**3/3 - p**2/2 - 19*p. Give v(-6).
23
Let x(l) = l**3 - l**2 + l + 1. Let h(s) = -s**2 - 9*s - 8. Let p be h(-8